 173
Suppose -3*v = -253 + 82. Suppose -4*u - 255 = -h, 0 = u + 2*h - 0*h + v. List the prime factors of (-27)/u - 92/(-14).
7
Let w be ((-1138)/(-3))/(3/(-9)). Let r be (-22)/99 - w/18. Suppose -3*h + 3*l + 0 + r = 0, 4*l + 12 = 0. What are the prime factors of h?
2, 3
Let w = 546 + 471. What are the prime factors of w?
3, 113
Suppose 174 + 554 = -7*l. Let y = 33 - l. What are the prime factors of y?
137
Let k = 719 + -723. Let h(q) = -9*q + 2. Let c(t) = -8*t + 2. Let l(i) = -3*c(i) + 4*h(i). List the prime factors of l(k).
2, 5
Let c = -27 + 32. Suppose 4*d = 4*b + 348, 2*d - 166 = c*b - b. What are the prime factors of d?
7, 13
List the prime factors of (68/(-12))/(1 + 1115/(-1110)).
2, 17, 37
Let g = 1116 + -606. List the prime factors of g.
2, 3, 5, 17
Suppose -3*x - j + 17 = 0, x + 4*j - 11 = j. Suppose 5*m - 3*v - 568 = 0, -x*m + 472 = -4*v - 97. Let b = -78 + m. What are the prime factors of b?
5, 7
Let t(n) = -n**2 + 6*n + 1. Let z(y) = -5. Let h(d) = -2. Let x(l) = 7*h(l) - 3*z(l). Let s(g) = t(g) + 2*x(g). What are the prime factors of s(4)?
11
What are the prime factors of (967 - -2*1)*(65 + -64)?
3, 17, 19
Let s(g) = 2 - 4 + 3*g + 0 + 7 + g**2. What are the prime factors of s(-4)?
3
Let l(s) = -4*s**3 - s**2 + 1. Let o be l(-1). Suppose 0 = -p - o*f - 4, 3*p = -0*p - 3*f - 12. Let z(d) = -3*d + 2. List the prime factors of z(p).
2, 7
Let v = 1454 + -1011. What are the prime factors of v?
443
Let k(g) = 71*g**2 - 1. Suppose 0 = -4*p + 3*p - 1. Let n be k(p). Suppose -b + 6*b - n = 0. List the prime factors of b.
2, 7
Let w(z) be the third derivative of -z**4/6 - 2*z**3/3 - 10*z**2. List the prime factors of w(-14).
2, 13
Suppose 0 = 14*z + 30 - 184. Let g be 1*-1*(0 - -1). Let s = z + g. List the prime factors of s.
2, 5
Let r = 2366 - 1349. What are the prime factors of r?
3, 113
Suppose -20*m + 22*m + w = 944, 0 = 3*m - 2*w - 1423. What are the prime factors of m?
11, 43
List the prime factors of -323*1/(3*1/(-3)).
17, 19
Let g(h) = -2*h - 5. Let o(v) = -v - 4. Let q(b) = -5*g(b) + 6*o(b). Let z(t) = -17*t - 5. Let n(j) = -26*q(j) - 6*z(j). List the prime factors of n(0).
2
Let l = 1391 - 395. List the prime factors of l.
2, 3, 83
Let n = 706 - 439. What are the prime factors of n?
3, 89
Let i(c) = 41*c + 27. Let f be i(6). Suppose -4*t + f = -5*b, 2*t - 120 = 3*b + 15. List the prime factors of t.
2, 3
Suppose -11*j + 437 = -10*j. List the prime factors of j.
19, 23
Suppose -9*c + 16208 - 3392 = 0. List the prime factors of c.
2, 89
Let o(t) be the first derivative of 7*t**3/3 + 3*t**2 - 16*t + 42. List the prime factors of o(-5).
3, 43
Let q = -1272 + 2259. What are the prime factors of q?
3, 7, 47
Let d be (4 - 0) + 33 - -1. Suppose -5*x = -2*y - d, 4 + 10 = 5*x + 4*y. What are the prime factors of x?
2, 3
Suppose -7*v = -11*v + 112. List the prime factors of v/1 + (0 - 1).
3
Let n be (-896)/168*(-2 - (-14)/(-8)). Suppose 0 = -4*o - 2*y + 150, 0*y - y + 147 = 4*o. Suppose -o = -n*g + 17*g. List the prime factors of g.
2, 3
Let s = 1195 - 225. What are the prime factors of s?
2, 5, 97
Let n(q) = 5*q + 38. Let i be n(-5). Suppose i = -4*l + 109. List the prime factors of l.
2, 3
Let q(i) = 5*i**2 - 3*i - 88. List the prime factors of q(11).
2, 11
List the prime factors of (-86606)/(-30) + 10 + (-1332)/135.
2887
Let u = -928 + 2694. What are the prime factors of u?
2, 883
Let c be (-119)/21 + (-1)/3. Let d = 14 + c. Suppose -b - 2 + d = 0. List the prime factors of b.
2, 3
List the prime factors of 1348*3*49/252*3.
7, 337
What are the prime factors of (-17 + (-22960)/100)/((-1)/15)?
3, 137
Suppose p + 6175 = 4*l, 12*l - 4615 = 9*l + 4*p. What are the prime factors of l?
3, 5, 103
Suppose o - 5*o = 3*h + 380, 242 = -2*h + 3*o. Let s = 136 - 94. List the prime factors of h/(-7) - (-12)/s.
2, 3
Suppose -3*x - 39 - 3 = 0. Let a be x/(-6) - 1/3. Suppose -p + a + 56 = 0. List the prime factors of p.
2, 29
Suppose 0 = 2*d - d - 95. Suppose -d = 8*l - 263. List the prime factors of l.
3, 7
Let d = 8 + -8. Suppose m - 6 - 15 = d. What are the prime factors of m?
3, 7
Suppose -2*l + 2377 = -i, -5*l - 1176 = -6*l - 2*i. What are the prime factors of l?
2, 593
Let i(m) = 17*m - 14. Let y(l) = 16*l - 13. Let u(w) = -6*i(w) + 7*y(w). What are the prime factors of u(10)?
3, 31
Let r(b) = -31*b + 206. What are the prime factors of r(0)?
2, 103
Let f be (-4)/7 - 8151/(-91). Suppose 7 = -i + f. Let a = i - 40. List the prime factors of a.
2, 3, 7
Suppose 2475 = 3*y - 3*w, 2*w = -4*y + 2*y + 1658. What are the prime factors of y?
827
Suppose -144 = k + 5*b - 661, 1008 = 2*k - 3*b. What are the prime factors of k?
3, 13
Suppose 4*g = 2*m + 7836, 9*m - 1954 = -g + 7*m. List the prime factors of g.
2, 11, 89
Let g = 9 + -14. List the prime factors of g + 8 - (-1 - 28).
2
Let s(d) = 55*d**2 + 52*d + 230. List the prime factors of s(-5).
5, 269
Let m(l) = -9*l + 78. What are the prime factors of m(-5)?
3, 41
Suppose -118092 = -334*p + 308*p. List the prime factors of p.
2, 3, 757
Let g be 2/(3*(2 + 16/(-9))). Suppose 3*o = -3*c + 177, -7 = 2*c + g. List the prime factors of o.
2
Let l(x) = -2 - 1 + 7 + 8*x + 9*x**2 - x**2 + x**3. List the prime factors of l(-6).
2, 7
Let h(d) be the second derivative of 5*d**3/6 - 3*d**2 - 7*d. Let l be h(2). Suppose -l*y - w = -56, 5*y + w = -0*w + 69. What are the prime factors of y?
13
Let c(b) = 5*b**2 - 3*b - 3. Let f(k) = 2*k + 32. Let t be f(-14). List the prime factors of c(t).
5, 13
Let w = -1 - -247. What are the prime factors of w?
2, 3, 41
Let m be (3 + -18)*(-2)/6. Let f = -10 - m. List the prime factors of (45 - -1) + (-30)/f.
2, 3
Suppose 2*n = 3*j + 538, 0*j + 5*j + 1355 = 5*n. Suppose 19*t - n = 14*t. What are the prime factors of t?
5, 11
Suppose 0 = -4*r + i + 2*i + 67, -3*i = 3*r - 24. Let l = -7 + r. Suppose l*p - 2*p - 180 = 0. What are the prime factors of p?
3, 5
Suppose 3*b + 10*y - 521 = 8*y, 5*b - 3*y = 881. What are the prime factors of b?
5, 7
Suppose -r = 13*r - 70. Suppose 5*l - 625 = r*m, 3*l - 2*m - 613 = -2*l. List the prime factors of l.
11
Let q = 2696 - 799. List the prime factors of q.
7, 271
Let n = -29 + 31. Suppose -123 - 109 = -n*x. What are the prime factors of x?
2, 29
Let w be 18/(-3)*(-18)/(-4). Let m be -1 - -106 - w/(-9). Suppose 0 = -13*k + 16*k - m. What are the prime factors of k?
2, 17
Let p be (-1 + -3 + 6)*2. Suppose p*y = -y. What are the prime factors of (y - -13 - -2) + 0?
3, 5
Suppose 4*s = 2*w - 74, 0 = 5*w + 3*s - 0*s - 133. Let z = w + -26. Suppose 150 = 3*n - z*y, -n - n + 103 = y. List the prime factors of n.
3, 17
Suppose -32 = -d - 4. Let n = 13 + d. Let x = -24 + n. List the prime factors of x.
17
Let j(c) be the third derivative of 1/120*c**6 + 1/2*c**4 + 0 + 0*c + 4*c**2 + 0*c**3 - 1/5*c**5. What are the prime factors of j(11)?
11
Suppose 0 = 3*j - 5*j - 20. Let b = -20 - j. Let o(v) = -v**3 - 11*v**2 - 13*v - 2. List the prime factors of o(b).
2, 7
Let f be 17542/(-70) + (-2)/5. Let c = f - -462. Suppose -v = 4*v + h - c, 4*v + 3*h - 171 = 0. What are the prime factors of v?
2, 3, 7
Let m = 132 - 124. Let c(s) = 20*s + 51. List the prime factors of c(m).
211
Suppose 0 = -0*w + 2*w - 128. Let k be 3 + -3*((-20)/12)/5. Suppose -3*v + n = -56, 3*n + w = k*v - n. What are the prime factors of v?
2, 5
What are the prime factors of 16420/(-16)*120/(-75)?
2, 821
Let r = -5 + 7. Let d(s) = s**3 - s**2. Let y be d(r). Suppose -y*l + 49 + 63 = 0. List the prime factors of l.
2, 7
Let n = 0 + 2. Suppose 0*o = -n*o. Suppose 3*z - 4*z + 7 = o. List the prime factors of z.
7
Let o = 5 - 6. Let x(q) = q**2 - 10*q - 1. Let f be x(11). Let d = o + f. What are the prime factors of d?
3
Let l(n) = 76*n + 107. What are the prime factors of l(12)?
1019
Let l(n) = -1 + 10*n + 23*n**2 + 17*n**2 - 9*n. What are the prime factors of l(1)?
2, 5
Suppose 6*o = -59*o + 9360. List the prime factors of o.
2, 3
Suppose -103 = -6*b - 31. Suppose -7*s = -3*s - b. Suppose -s*z - 30 = -120. What are the prime factors of z?
2, 3, 5
Suppose -18 = -3*c + 12. Suppose -4*s = -3*o - 2 - 3, -3*s - c = -5*o. Suppose -2*f - 103 = -3*m, 3*f + 171 = o*m - f. List the prime factors of m.
5, 7
Let o = -195 + 1237. List the prime factors of o.
2, 521
Let m = 3819 - 1577. List the prime factors o